?
403203
70 (base 13) to base 9
111
9821 (base 14) to base 9
40054
Convert 1489 (base 14) to base 3.
12000011
-243 (base 6) to base 2
-1100011
What is -1ab9 (base 12) in base 10?
-3309
Convert -5519 (base 10) to base 14.
-2023
Convert -1311 (base 4) to base 15.
-7c
102332 (base 5) to base 13
1769
202010211 (base 3) to base 16
395b
What is -13564 (base 7) in base 8?
-7211
What is 1623c (base 14) in base 11?
38627
Convert -20233 (base 6) to base 7.
-10554
-144 (base 6) to base 5
-224
-359 (base 10) to base 6
-1355
Convert -1863 (base 11) to base 15.
-a7d
-3618 (base 10) to base 9
-4860
111011 (base 2) to base 15
3e
What is -1589 (base 12) in base 5?
-40203
What is 10014 (base 6) in base 12?
90a
1000001110 (base 2) to base 10
526
What is -1167 (base 9) in base 6?
-4011
What is 4335 (base 8) in base 3?
10010001
Convert 1101011100010 (base 2) to base 6.
51510
48027 (base 10) to base 14
13707
What is -34 (base 6) in base 7?
-31
What is -100454 (base 6) in base 9?
-11817
What is -36414 (base 7) in base 10?
-9468
113333 (base 4) to base 7
4322
Convert -31122311 (base 4) to base 2.
-1101011010110101
Convert -37a (base 11) to base 16.
-1c2
1332031 (base 4) to base 11
6083
-1032232 (base 4) to base 2
-1001110101110
-59b1 (base 14) to base 6
-200223
Convert -4022 (base 5) to base 10.
-512
Convert -1202 (base 12) to base 7.
-5612
Convert 4824 (base 9) to base 8.
7002
301232 (base 4) to base 14
1234
Convert 1220230 (base 4) to base 15.
1eba
What is -2ba39 (base 12) in base 10?
-61965
-400 (base 8) to base 12
-194
-10310 (base 6) to base 15
-640
What is -12025 (base 8) in base 12?
-2b85
Convert 66546 (base 9) to base 12.
216a3
Convert 288 (base 14) to base 13.
305
-10202201 (base 3) to base 13
-1333
-503 (base 12) to base 13
-438
What is 21304 (base 11) in base 9?
46442
Convert 31660 (base 7) to base 14.
2c30
What is 1002110 (base 3) in base 6?
3403
-2372 (base 13) to base 9
-6758
-7c3 (base 13) to base 3
-1211201
What is 3d0 (base 16) in base 12?
694
9084 (base 10) to base 7
35325
Convert 222 (base 4) to base 14.
30
-1aa (base 11) to base 3
-22221
Convert -11200012 (base 3) to base 15.
-1022
What is -17f2 (base 16) in base 2?
-1011111110010
Convert 9b3 (base 12) to base 9.
1860
-1102122202 (base 3) to base 5
-1400211
Convert -163c (base 13) to base 7.
-12340
What is -73 (base 10) in base 11?
-67
What is -3235 (base 7) in base 12?
-801
What is -1371a (base 12) in base 11?
-19280
Convert -2a08 (base 16) to base 11.
-80a2
21100 (base 5) to base 10
1400
Convert aa50 (base 12) to base 11.
13123
Convert -1cc0 (base 13) to base 16.
-111d
e79 (base 15) to base 4
303000
Convert -102111212 (base 3) to base 14.
-30b7
2133222 (base 4) to base 13
4860
What is 1599 (base 13) in base 5?
100133
What is -17087 (base 11) in base 2?
-101110111110101
What is -24022 (base 8) in base 4?
-2200102
37 (base 13) to base 10
46
What is 12100 (base 4) in base 16?
190
What is -2120303 (base 4) in base 7?
-40340
What is 111121221 (base 3) in base 11?
7511
-2b4c (base 14) to base 5
-221322
What is -46c8 (base 15) in base 2?
-11101010111110
Convert 117 (base 12) to base 10.
163
Convert c03b (base 16) to base 4.
30000323
What is 4417 (base 13) in base 11?
7142
What is -10a17 (base 14) in base 12?
-1b465
Convert -2a7 (base 12) to base 15.
-1ca
What is 1c3 (base 15) in base 3?
120010
-43 (base 9) to base 7
-54
-28a2 (base 12) to base 10
-4730
e7bc (base 15) to base 14
13c02
Convert 14123 (base 9) to base 11.
7219
What is 100010010 (base 2) in base 7?
541
Convert -13112 (base 4) to base 8.
-726
Convert -16402 (base 9) to base 8.
-25775
What is 5317 (base 8) in base 6?
20451
5a685 (base 11) to base 16
15526
-30330 (base 4) to base 13
-4b9
What is -52 (base 6) in base 14?
-24
111 (base 7) to base 16
39
Convert -30132 (base 5) to base 13.
-b46
What is -21221 (base 3) in base 7?
-424
-5c73 (base 14) to base 9
-24160
Convert -2231 (base 5) to base 4.
-10330
What is 221122222 (base 3) in base 14?
6b66
Convert -230a (base 15) to base 16.
-1d0b
What is 425 (base 6) in base 12?
115
Convert 967 (base 16) to base 15.
aa7
What is 184d (base 14) in base 9?
6007
-4545 (base 11) to base 12
-3562
What is 11053 (base 6) in base 3?
2010020
What is -3013 (base 6) in base 7?
-1626
2536 (base 7) to base 2
1110111110
Convert -11738 (base 9) to base 14.
-2c3a
Convert -53 (base 8) to base 5.
-133
What is -3541 (base 8) in base 10?
-1889
Convert -338 (base 12) to base 15.
-21b
Convert 1132342 (base 5) to base 11.
14836
Convert 112020 (base 4) to base 10.
1416
What is -22101203 (base 4) in base 9?
-63648
-1442 (base 11) to base 3
-2112221
What is 101000011 (base 2) in base 6?
1255
-125 (base 8) to base 10
-85
50c (base 16) to base 6
5552
What is -556 (base 16) in base 13?
-811
What is -1000111001 (base 3) in base 5?
-1120120
Convert -2b2a (base 16) to base 11.
-8336
What is -20e (base 15) in base 14?
-252
What is 32882 (base 9) in base 5?
1144423
What is -642b (base 12) in base 11?
-8281
What is -34842 (base 9) in base 12?
-11585
-8168 (base 9) to base 13
-2948
-19031 (base 11) to base 4
-12200132
Convert -196 (base 13) to base 14.
-16c
Convert 3443 (base 6) to base 7.
2250
-200011011 (base 3) to base 8
-31662
Convert aa4 (base 13) to base 16.
720
-211436 (base 7) to base 4
-20323211
What is -3554 (base 10) in base 9?
-4778
Convert -1100001111100 (base 2) to base 14.
-23da
-42 (base 11) to base 13
-37
Convert 13b03 (base 12) to base 5.
1340012
What is -3072 (base 8) in base 15?
-714
Convert 22200 (base 6) to base 14.
11b2
-120033 (base 4) to base 15
-6d6
21120011 (base 3) to base 13
2680
What is 5752 (base 8) in base 5?
44200
What is 102011100 (base 3) in base 15?
2626
What is -1000001 (base 2) in base 6?
-145
What is -62412 (base 7) in base 8?
-35701
What is -10ba (base 13) in base 8?
-4456
Convert 3770 (base 12) to base 6.
45020
What is 3699 (base 10) in base 15?
1169
What is 11100001010 (base 2) in base 15?
802
What is -4e3d (base 15) in base 8?
-40504
What is 2b0 (base 13) in base 3?
122211
Convert -201310 (base 4) to base 2.
-100001110100
4194 (base 10) to base 7
15141
Convert 13312 (base 6) to base 5.
31220
What is -201112 (base 3) in base 12?
-37b
What is -5668 (base 16) in base 12?
-10974
Convert -100221002 (base 3) to base 8.
-16106
Convert -1013 (base 12) to base 3.
-2101120
Convert -180 (base 13) to base 16.
-111
Convert -128c5 (base 14) to base 11.
-31326
What is 1082 (base 14) in base 16?
b2a
What is 382 (base 11) in base 2?
111000101
-1248 (base 13) to base 7
-10365
-3446 (base 7) to base 12
-88b
919 (base 11) to base 4
101111
-1100101111100 (base 2) to base 12
-3938
-10010001001101011 (base 2) to base 3
-10202222121
What is 5660 (base 15) in base 10?
18315
Convert -34153 (base 7) to base 10.
-8662
What is -3de9 (base 15) in base 7?
-53454
Convert 5715 (base 12) to base 15.
2ce5
What is 825 (base 9) in base 6?
3035
Convert 3420 (base 5) to base 14.
269
What is -2c6 (base 16) in base 13?
-428
-17820 (base 13) to base 10
-45318
Convert 4c95 (base 14) to base 11.
a126
Convert -19 (base 11) to base 13.
-17
What is 33220 (base 5) in base 12?
1406
Convert 3132233 (base 4) to base 8.
33657
Convert -8a29 (base 12) to base 11.
-10547
Convert 441301 (base 5) to base 2.
11101101100001
Convert 100221102 (base 3) to base 13.
33b6
What is -103 (base 14) in base 15?
-d4
-30611 (base 7) to base 9
-11258
Convert 545 (base 10) to base 7.
1406
What is -112101 (base 3) in base 14?
-1da
10101 (base 3) to base 2
1011011
1c2e (base 16) to base 4
1300232
a21 (base 14) to base 3
2201200
What is -1610 (base 8) in base 3?
-1020111
What is -13554 (base 13) in base 14?
-d202
-54f (base 16) to base 9
-1770
-640 (base 12) to base 7
-2442
Convert -231140 (base 5) to base 12.
-4973
What is -3634 (base 14) in base 8?
-22356
-4008 (base 12) to base 10
-6920
Convert 33201 (base 8) to base 2.
11011010000001
-742 (base 10) to base 9
-1014
Convert -1303 (base 5) to base 10.
-203
What is efd (base 16) in base 14?
1581
What is -732 (base 13) in base 5?
-14344
What is -4280 (base 13) in base 16?
-240e
Convert -3250 (base 6) to base 15.
-350
What is -4d7 (base 14) in base 16?
-3cd
-8409 (base 10) to base 16
-20d9
What is -10110111000000 (base 2) in base 15?
-370c
120101222 (base 3) to base 7
44513
-10100001101101 (base 2) to base 12
-5ba5
321